is the ten thousands digit of 30434?
3
What is the millions digit of 3181474?
3
What is the thousands digit of 260982?
0
What is the units digit of 285772?
2
What is the thousands digit of 44119?
4
What is the ten thousands digit of 17117287?
1
What is the hundred thousands digit of 2354237?
3
What is the ten thousands digit of 49986?
4
What is the tens digit of 1450635?
3
What is the tens digit of 26447069?
6
What is the thousands digit of 1588413?
8
What is the ten millions digit of 14206019?
1
What is the tens digit of 1224711?
1
What is the thousands digit of 1714739?
4
What is the thousands digit of 17613117?
3
What is the ten thousands digit of 1531543?
3
What is the tens digit of 9894?
9
What is the ten thousands digit of 6326744?
2
What is the hundred thousands digit of 1074737?
0
What is the tens digit of 1259676?
7
What is the hundreds digit of 2727779?
7
What is the tens digit of 145708?
0
What is the hundreds digit of 5523839?
8
What is the hundred thousands digit of 313645?
3
What is the thousands digit of 205987?
5
What is the hundreds digit of 6149255?
2
What is the millions digit of 1730114?
1
What is the millions digit of 4731779?
4
What is the hundreds digit of 578745?
7
What is the units digit of 86395?
5
What is the ten thousands digit of 8882773?
8
What is the tens digit of 6036015?
1
What is the ten thousands digit of 324710?
2
What is the tens digit of 3371576?
7
What is the thousands digit of 460151?
0
What is the hundreds digit of 9677279?
2
What is the hundreds digit of 2929408?
4
What is the thousands digit of 123590?
3
What is the hundred thousands digit of 217792?
2
What is the tens digit of 1406297?
9
What is the units digit of 1463411?
1
What is the hundreds digit of 14668985?
9
What is the ten millions digit of 39915608?
3
What is the millions digit of 4127867?
4
What is the units digit of 1796366?
6
What is the hundred thousands digit of 2180504?
1
What is the thousands digit of 253147?
3
What is the hundreds digit of 64516?
5
What is the ten thousands digit of 21383758?
8
What is the thousands digit of 83539?
3
What is the hundred thousands digit of 792809?
7
What is the tens digit of 2695274?
7
What is the ten thousands digit of 252256?
5
What is the thousands digit of 457986?
7
What is the units digit of 224472?
2
What is the units digit of 613388?
8
What is the tens digit of 1105059?
5
What is the millions digit of 3784008?
3
What is the tens digit of 5944895?
9
What is the ten millions digit of 17769082?
1
What is the units digit of 1630678?
8
What is the ten thousands digit of 44844?
4
What is the tens digit of 3515564?
6
What is the thousands digit of 546281?
6
What is the thousands digit of 16868352?
8
What is the ten thousands digit of 38039?
3
What is the thousands digit of 157889?
7
What is the units digit of 3440513?
3
What is the hundreds digit of 21531537?
5
What is the thousands digit of 1113088?
3
What is the thousands digit of 3441561?
1
What is the hundreds digit of 22168622?
6
What is the units digit of 5731855?
5
What is the thousands digit of 34574?
4
What is the ten thousands digit of 6749789?
4
What is the units digit of 346191?
1
What is the hundred thousands digit of 2605464?
6
What is the hundred thousands digit of 360494?
3
What is the hundred thousands digit of 230688?
2
What is the hundreds digit of 686854?
8
What is the ten thousands digit of 259362?
5
What is the hundred thousands digit of 2741198?
7
What is the tens digit of 11775253?
5
What is the units digit of 12454948?
8
What is the tens digit of 14623751?
5
What is the thousands digit of 11902985?
2
What is the hundreds digit of 70612?
6
What is the millions digit of 1950018?
1
What is the tens digit of 5796761?
6
What is the thousands digit of 1076470?
6
What is the tens digit of 258756?
5
What is the hundreds digit of 2515703?
7
What is the ten thousands digit of 4644106?
4
What is the tens digit of 116134?
3
What is the thousands digit of 30014837?
4
What is the units digit of 252137?
7
What is the ten thousands digit of 3023918?
2
What is the ten thousands digit of 991918?
9
What is the hundreds digit of 188682?
6
What is the hundreds digit of 283839?
8
What is the hundreds digit of 750903?
9
What is the tens digit of 143858?
5
What is the hundred thousands digit of 513928?
5
What is the millions digit of 6547659?
6
What is the ten millions digit of 22107190?
2
What is the ten thousands digit of 1420248?
2
What is the thousands digit of 1350830?
0
What is the thousands digit of 31760381?
0
What is the thousands digit of 13925636?
5
What is the hundred thousands digit of 9420671?
4
What is the hundreds digit of 91156?
1
What is the ten thousands digit of 471168?
7
What is the ten thousands digit of 224157?
2
What is the units digit of 320224?
4
What is the ten thousands digit of 2536066?
3
What is the ten thousands digit of 77286?
7
What is the ten thousands digit of 1105254?
0
What is the thousands digit of 510574?
0
What is the units digit of 348065?
5
What is the units digit of 202175?
5
What is the tens digit of 1065612?
1
What is the hundred thousands digit of 802176?
8
What is the units digit of 79283?
3
What is the thousands digit of 83627?
3
What is the units digit of 669543?
3
What is the hundreds digit of 356657?
6
What is the thousands digit of 377003?
7
What is the units digit of 91688?
8
What is the hundred thousands digit of 2793720?
7
What is the units digit of 40939?
9
What is the hundreds digit of 709603?
6
What is the hundred thousands digit of 5587447?
5
What is the thousands digit of 157990?
7
What is the hundreds digit of 860682?
6
What is the thousands digit of 414707?
4
What is the tens digit of 3928601?
0
What is the hundreds digit of 406926?
9
What is the thousands digit of 1214684?
4
What is the tens digit of 4334446?
4
What is the hundred thousands digit of 29753355?
7
What is the units digit of 14700611?
1
What is the hundred thousands digit of 8394994?
3
What is the hundreds digit of 25840541?
5
What is the hundred thousands digit of 16214464?
2
What is the hundred thousands digit of 3529632?
5
What is the thousands digit of 2404235?
4
What is the hundreds digit of 3929388?
3
What is the thousands digit of 245620?
5
What is the millions digit of 5444090?
5
What is the ten thousands digit of 397787?
9
What is the tens digit of 2072084?
8
What is the units digit of 6296739?
9
What is the hundred thousands digit of 7214193?
2
What is the ten thousands digit of 576753?
7
What is the ten thousands digit of 112270?
1
What is the thousands digit of 1885908?
5
What is the thousands digit of 282186?
2
What is the thousands digit of 13717013?
7
What is the hundreds digit of 339047?
0
What is the units digit of 2336926?
6
What is the units digit of 1017372?
2
What is the ten millions digit of 13050062?
1
What is the thousands digit of 10046351?
6
What is the ten thousands digit of 366798?
6
What is the units digit of 29226126?
6
What is the ten thousands digit of 29025486?
2
What is the tens digit of 26888?
8
What is the hundreds digit of 24404720?
7
What is the ten thousands digit of 11595825?
9
What is the hundreds digit of 3033314?
3
What is the ten thousands digit of 305664?
0
What is the thousands digit of 1265357?
5
What is the tens digit of 74915?
1
What is the hundred thousands digit of 3097829?
0
What is the tens digit of 2632687?
8
What is the tens digit of 203043?
4
What is the tens digit of 218446?
4
What is the units digit of 12799967?
7
What is the tens digit of 661899?
9
What is the thousands digit of 7856418?
6
What is the hundred thousands digit of 2419821?
4
What is the hundreds digit of 306749?
7
What is the ten thousands digit of 160864?
6
What is the hundreds digit of 3002032?
0
What is the units digit of 4366968?
8
What is the millions digit of 5230123?
5
What is the hundred thousands digit of 210781?
2
What is the hundreds digit of 4366008?
0
What is the hundred thousands digit of 3307072?
3
What is the ten thousands digit of 1975625?
7
What is the hundred thousands digit of 1610088?
6
What is the units digit of 22308279?
9
What is the units digit of 35688?
8
What is the hundred thousands digit of 541741?
5
What is the ten thousands digit of 96500?
9
What is the millions digit